{"id":63,"date":"2018-06-28T15:54:34","date_gmt":"2018-06-28T13:54:34","guid":{"rendered":"http:\/\/vdp-consulting.com\/?page_id=63"},"modified":"2025-12-01T14:18:09","modified_gmt":"2025-12-01T13:18:09","slug":"accueil","status":"publish","type":"page","link":"https:\/\/vdp-consulting.com\/","title":{"rendered":""},"content":{"rendered":"<h5 style=\"text-align: left;\"><strong>VDP est un cabinet de conseil sp\u00e9cialis\u00e9 dans l&rsquo;accompagnement des \u00e9quipes:<\/strong><\/h5>\n<p class=\"whitespace-break-spaces\"><strong>Quelques exemples concrets que nos clients ont pu rencontrer:<\/strong><\/p>\n<ul>\n<li><strong>Collaboration et coh\u00e9sion d\u2019\u00e9quipe<\/strong> : Un collaborateur semble avoir des difficult\u00e9s \u00e0 s\u2019int\u00e9grer et \u00e0 travailler de mani\u00e8re collective.<\/li>\n<li><strong>Leadership et orientation<\/strong> : Le Directeur des projets pourrait b\u00e9n\u00e9ficier d\u2019un accompagnement pour renforcer son r\u00f4le f\u00e9d\u00e9rateur.<\/li>\n<li><strong>Bien-\u00eatre et charge de travail<\/strong> : Notre Directeur des Syst\u00e8mes d&rsquo;Information, tr\u00e8s comp\u00e9tent, montre des signes de fatigue importante ; il serait utile de l\u2019aider \u00e0 trouver un meilleur \u00e9quilibre.<\/li>\n<li><strong>Relation manag\u00e9riale<\/strong> : La communication avec mon N+1 n\u00e9cessite d\u2019\u00eatre optimis\u00e9e pour plus d\u2019efficacit\u00e9.<\/li>\n<li><strong>Visibilit\u00e9 et influence<\/strong> : Je souhaite renforcer mon impact et ma capacit\u00e9 \u00e0 \u00eatre entendu au sein de l\u2019\u00e9quipe.<\/li>\n<li><strong>Motivation et engagement<\/strong> : L\u2019\u00e9quipe semble en mode \u00ab pilotage automatique \u00bb ; il serait pertinent de redynamiser la motivation collective.<\/li>\n<li><strong>Gestion des personnalit\u00e9s fortes<\/strong> : Certaines dynamiques individuelles g\u00e9n\u00e8rent des tensions ; un travail sur la compl\u00e9mentarit\u00e9 et la gestion des conflits serait b\u00e9n\u00e9fique.<\/li>\n<li><strong>Int\u00e9gration d\u2019un nouveau talent<\/strong> : Comment accompagner au mieux un nouveau collaborateur prometteur pour qu\u2019il s\u2019\u00e9panouisse rapidement dans son r\u00f4le ?<\/li>\n<li><strong>Soutien \u00e0 un manager isol\u00e9<\/strong> : Le Country Manager, seul sur sa zone, a besoin d\u2019\u00eatre soutenu pour s\u2019aligner avec la maison m\u00e8re et trouver son rythme<\/li>\n<\/ul>\n<p style=\"text-align: left;\">Notre m\u00e9thodologie d&rsquo;accompagnement des mutations de l&rsquo;entreprise<span style=\"color: #000000;\"> est bas\u00e9 sur deux processus innovants qui permettent aux organisations de s&rsquo;adapter aux contextes \u00ab\u00a0VUCA\u00a0\u00bb (volatility, uncertainty, complexity and ambiguity) d\u00e9crits par Warren Bennis et Burt Nanus.<\/span><\/p>\n<p>Par ailleurs, les outils classiques que nous utilisons:<\/p>\n<p><a href=\"https:\/\/vdp-consulting.com\/index.php\/le-coaching-individuel\/\">coaching individuel<\/a><\/p>\n<p><a href=\"https:\/\/vdp-consulting.com\/index.php\/le-coaching-individuel-dequipe-en-entreprise\/\">Coaching d&rsquo;\u00e9quipe<\/a><\/p>\n<p><a href=\"https:\/\/vdp-consulting.com\/index.php\/leneagramme-en-entreprise\/\">Ateliers enn\u00e9agramme<\/a><\/p>\n<p><a href=\"https:\/\/vdp-consulting.com\/index.php\/le-mbti\/\">MBTI<\/a><\/p>\n<p>sont compl\u00e9t\u00e9s par nos m\u00e9thodes innovantes comme l&rsquo;approche biographique et les ateliers d&rsquo;\u00e9criture int\u00e9rieure.<\/p>\n<p>&nbsp;<\/p>\n<h5 style=\"text-align: left;\"><strong>VDP est \u00e9galement partenaire et intervenant en tant que Conseil en Strat\u00e9gie et Organisation dans les entreprises du futur:<\/strong><\/h5>\n<ul>\n<li>C\u00e8dre: entreprise adapt\u00e9e active dans le domaine du recyclage, C\u00e8dre conjugue sa mission sociale avec sa vocation environnementale<\/li>\n<li>HubGreen: entreprise\u00a0sp\u00e9cialis\u00e9e dans les activit\u00e9s de diagnostique, mise en service et entretien des installations d&rsquo;\u00e9nergie renouvelable<\/li>\n<li>Booster: \u00e9quipementier automobile qui se d\u00e9veloppe dans les domaines de la \u00ab\u00a0e-mobility\u00a0\u00bb et des piles \u00e0 combustible<\/li>\n<\/ul>\n\n\n<figure class=\"wp-block-image alignwide size-large\"><img loading=\"lazy\" decoding=\"async\" width=\"1024\" height=\"724\" src=\"https:\/\/vdp-consulting.com\/wp-content\/uploads\/2025\/12\/Illustration_4-1024x724.png\" alt=\"\" class=\"wp-image-337\" srcset=\"https:\/\/vdp-consulting.com\/wp-content\/uploads\/2025\/12\/Illustration_4-1024x724.png 1024w, https:\/\/vdp-consulting.com\/wp-content\/uploads\/2025\/12\/Illustration_4-300x212.png 300w, https:\/\/vdp-consulting.com\/wp-content\/uploads\/2025\/12\/Illustration_4-768x543.png 768w, https:\/\/vdp-consulting.com\/wp-content\/uploads\/2025\/12\/Illustration_4-1536x1086.png 1536w, https:\/\/vdp-consulting.com\/wp-content\/uploads\/2025\/12\/Illustration_4-2048x1448.png 2048w\" sizes=\"auto, (max-width: 1024px) 100vw, 1024px\" \/><\/figure>\n","protected":false},"excerpt":{"rendered":"<p>VDP est un cabinet de conseil sp\u00e9cialis\u00e9 dans l&rsquo;accompagnement des \u00e9quipes: Quelques exemples concrets que nos clients ont pu rencontrer: Collaboration et coh\u00e9sion d\u2019\u00e9quipe : Un collaborateur semble avoir des difficult\u00e9s \u00e0 s\u2019int\u00e9grer et \u00e0 travailler de mani\u00e8re collective. Leadership et orientation : Le Directeur des projets pourrait b\u00e9n\u00e9ficier d\u2019un accompagnement pour renforcer son r\u00f4le &hellip;<\/p>\n<p class=\"read-more\"> <a class=\"\" href=\"https:\/\/vdp-consulting.com\/\">  Lire la suite\u00a0\u00bb<\/a><\/p>\n","protected":false},"author":1,"featured_media":0,"parent":0,"menu_order":0,"comment_status":"closed","ping_status":"open","template":"","meta":{"site-sidebar-layout":"default","site-content-layout":"","ast-site-content-layout":"","site-content-style":"default","site-sidebar-style":"default","ast-global-header-display":"","ast-banner-title-visibility":"","ast-main-header-display":"","ast-hfb-above-header-display":"","ast-hfb-below-header-display":"","ast-hfb-mobile-header-display":"","site-post-title":"","ast-breadcrumbs-content":"","ast-featured-img":"","footer-sml-layout":"","theme-transparent-header-meta":"","adv-header-id-meta":"","stick-header-meta":"","header-above-stick-meta":"","header-main-stick-meta":"","header-below-stick-meta":"","astra-migrate-meta-layouts":"","footnotes":""},"class_list":["post-63","page","type-page","status-publish","hentry"],"_links":{"self":[{"href":"https:\/\/vdp-consulting.com\/index.php\/wp-json\/wp\/v2\/pages\/63","targetHints":{"allow":["GET"]}}],"collection":[{"href":"https:\/\/vdp-consulting.com\/index.php\/wp-json\/wp\/v2\/pages"}],"about":[{"href":"https:\/\/vdp-consulting.com\/index.php\/wp-json\/wp\/v2\/types\/page"}],"author":[{"embeddable":true,"href":"https:\/\/vdp-consulting.com\/index.php\/wp-json\/wp\/v2\/users\/1"}],"replies":[{"embeddable":true,"href":"https:\/\/vdp-consulting.com\/index.php\/wp-json\/wp\/v2\/comments?post=63"}],"version-history":[{"count":40,"href":"https:\/\/vdp-consulting.com\/index.php\/wp-json\/wp\/v2\/pages\/63\/revisions"}],"predecessor-version":[{"id":339,"href":"https:\/\/vdp-consulting.com\/index.php\/wp-json\/wp\/v2\/pages\/63\/revisions\/339"}],"wp:attachment":[{"href":"https:\/\/vdp-consulting.com\/index.php\/wp-json\/wp\/v2\/media?parent=63"}],"curies":[{"name":"wp","href":"https:\/\/api.w.org\/{rel}","templated":true}]}}